{"id":2050,"date":"2025-01-03T13:58:41","date_gmt":"2025-01-03T13:58:41","guid":{"rendered":"https:\/\/moriasucos.com.br\/?page_id=2050"},"modified":"2025-01-03T14:02:25","modified_gmt":"2025-01-03T14:02:25","slug":"contatos","status":"publish","type":"page","link":"https:\/\/moriasucos.com.br\/?page_id=2050","title":{"rendered":"Contatos"},"content":{"rendered":"\t\t<div data-elementor-type=\"wp-page\" data-elementor-id=\"2050\" class=\"elementor elementor-2050\">\n\t\t\t\t<div class=\"elementor-element elementor-element-cdbbb1d e-flex e-con-boxed e-con e-parent\" data-id=\"cdbbb1d\" data-element_type=\"container\" data-e-type=\"container\">\n\t\t\t\t\t<div class=\"e-con-inner\">\n\t\t\t\t<div class=\"elementor-element elementor-element-b89ba35 elementor-widget elementor-widget-image\" data-id=\"b89ba35\" data-element_type=\"widget\" data-e-type=\"widget\" data-widget_type=\"image.default\">\n\t\t\t\t<div class=\"elementor-widget-container\">\n\t\t\t\t\t\t\t\t\t\t\t\t\t\t\t<img decoding=\"async\" src=\"https:\/\/moriasucos.com.br\/wp-content\/plugins\/elementor\/assets\/images\/placeholder.png\" title=\"\" alt=\"\" loading=\"lazy\" \/>\t\t\t\t\t\t\t\t\t\t\t\t\t\t\t<\/div>\n\t\t\t\t<\/div>\n\t\t\t\t\t<\/div>\n\t\t\t\t<\/div>\n\t\t\t\t<\/div>\n\t\t","protected":false},"excerpt":{"rendered":"","protected":false},"author":1,"featured_media":0,"parent":0,"menu_order":0,"comment_status":"closed","ping_status":"closed","template":"elementor_header_footer","meta":{"site-sidebar-layout":"default","site-content-layout":"","ast-site-content-layout":"default","site-content-style":"default","site-sidebar-style":"default","ast-global-header-display":"","ast-banner-title-visibility":"","ast-main-header-display":"","ast-hfb-above-header-display":"","ast-hfb-below-header-display":"","ast-hfb-mobile-header-display":"","site-post-title":"","ast-breadcrumbs-content":"","ast-featured-img":"","footer-sml-layout":"","ast-disable-related-posts":"","theme-transparent-header-meta":"","adv-header-id-meta":"","stick-header-meta":"","header-above-stick-meta":"","header-main-stick-meta":"","header-below-stick-meta":"","astra-migrate-meta-layouts":"default","ast-page-background-enabled":"default","ast-page-background-meta":{"desktop":{"background-color":"var(--ast-global-color-5)","background-image":"","background-repeat":"repeat","background-position":"center center","background-size":"auto","background-attachment":"scroll","background-type":"","background-media":"","overlay-type":"","overlay-color":"","overlay-opacity":"","overlay-gradient":""},"tablet":{"background-color":"","background-image":"","background-repeat":"repeat","background-position":"center center","background-size":"auto","background-attachment":"scroll","background-type":"","background-media":"","overlay-type":"","overlay-color":"","overlay-opacity":"","overlay-gradient":""},"mobile":{"background-color":"","background-image":"","background-repeat":"repeat","background-position":"center center","background-size":"auto","background-attachment":"scroll","background-type":"","background-media":"","overlay-type":"","overlay-color":"","overlay-opacity":"","overlay-gradient":""}},"ast-content-background-meta":{"desktop":{"background-color":"var(--ast-global-color-4)","background-image":"","background-repeat":"repeat","background-position":"center center","background-size":"auto","background-attachment":"scroll","background-type":"","background-media":"","overlay-type":"","overlay-color":"","overlay-opacity":"","overlay-gradient":""},"tablet":{"background-color":"var(--ast-global-color-4)","background-image":"","background-repeat":"repeat","background-position":"center center","background-size":"auto","background-attachment":"scroll","background-type":"","background-media":"","overlay-type":"","overlay-color":"","overlay-opacity":"","overlay-gradient":""},"mobile":{"background-color":"var(--ast-global-color-4)","background-image":"","background-repeat":"repeat","background-position":"center center","background-size":"auto","background-attachment":"scroll","background-type":"","background-media":"","overlay-type":"","overlay-color":"","overlay-opacity":"","overlay-gradient":""}},"footnotes":""},"class_list":["post-2050","page","type-page","status-publish","hentry"],"yoast_head":"<!-- This site is optimized with the Yoast SEO plugin v27.4 - https:\/\/yoast.com\/product\/yoast-seo-wordpress\/ -->\n<title>Contatos - Mori\u00e1 Sucos Naturais<\/title>\n<meta name=\"robots\" content=\"index, follow, max-snippet:-1, max-image-preview:large, max-video-preview:-1\" \/>\n<link rel=\"canonical\" href=\"https:\/\/moriasucos.com.br\/?page_id=2050\" \/>\n<meta property=\"og:locale\" content=\"pt_BR\" \/>\n<meta property=\"og:type\" content=\"article\" \/>\n<meta property=\"og:title\" content=\"Contatos - Mori\u00e1 Sucos Naturais\" \/>\n<meta property=\"og:url\" content=\"https:\/\/moriasucos.com.br\/?page_id=2050\" \/>\n<meta property=\"og:site_name\" content=\"Mori\u00e1 Sucos Naturais\" \/>\n<meta property=\"article:modified_time\" content=\"2025-01-03T14:02:25+00:00\" \/>\n<meta property=\"og:image\" content=\"https:\/\/moriasucos.com.br\/wp-content\/plugins\/elementor\/assets\/images\/placeholder.png\" \/>\n<meta name=\"twitter:card\" content=\"summary_large_image\" \/>\n<meta name=\"twitter:label1\" content=\"Est. tempo de leitura\" \/>\n\t<meta name=\"twitter:data1\" content=\"1 minuto\" \/>\n<script type=\"application\/ld+json\" class=\"yoast-schema-graph\">{\"@context\":\"https:\\\/\\\/schema.org\",\"@graph\":[{\"@type\":\"WebPage\",\"@id\":\"https:\\\/\\\/moriasucos.com.br\\\/?page_id=2050\",\"url\":\"https:\\\/\\\/moriasucos.com.br\\\/?page_id=2050\",\"name\":\"Contatos - Mori\u00e1 Sucos Naturais\",\"isPartOf\":{\"@id\":\"https:\\\/\\\/moriasucos.com.br\\\/#website\"},\"primaryImageOfPage\":{\"@id\":\"https:\\\/\\\/moriasucos.com.br\\\/?page_id=2050#primaryimage\"},\"image\":{\"@id\":\"https:\\\/\\\/moriasucos.com.br\\\/?page_id=2050#primaryimage\"},\"thumbnailUrl\":\"https:\\\/\\\/moriasucos.com.br\\\/wp-content\\\/plugins\\\/elementor\\\/assets\\\/images\\\/placeholder.png\",\"datePublished\":\"2025-01-03T13:58:41+00:00\",\"dateModified\":\"2025-01-03T14:02:25+00:00\",\"breadcrumb\":{\"@id\":\"https:\\\/\\\/moriasucos.com.br\\\/?page_id=2050#breadcrumb\"},\"inLanguage\":\"pt-BR\",\"potentialAction\":[{\"@type\":\"ReadAction\",\"target\":[\"https:\\\/\\\/moriasucos.com.br\\\/?page_id=2050\"]}]},{\"@type\":\"ImageObject\",\"inLanguage\":\"pt-BR\",\"@id\":\"https:\\\/\\\/moriasucos.com.br\\\/?page_id=2050#primaryimage\",\"url\":\"https:\\\/\\\/moriasucos.com.br\\\/wp-content\\\/plugins\\\/elementor\\\/assets\\\/images\\\/placeholder.png\",\"contentUrl\":\"https:\\\/\\\/moriasucos.com.br\\\/wp-content\\\/plugins\\\/elementor\\\/assets\\\/images\\\/placeholder.png\"},{\"@type\":\"BreadcrumbList\",\"@id\":\"https:\\\/\\\/moriasucos.com.br\\\/?page_id=2050#breadcrumb\",\"itemListElement\":[{\"@type\":\"ListItem\",\"position\":1,\"name\":\"In\u00edcio\",\"item\":\"https:\\\/\\\/moriasucos.com.br\\\/\"},{\"@type\":\"ListItem\",\"position\":2,\"name\":\"Contatos\"}]},{\"@type\":\"WebSite\",\"@id\":\"https:\\\/\\\/moriasucos.com.br\\\/#website\",\"url\":\"https:\\\/\\\/moriasucos.com.br\\\/\",\"name\":\"Mori\u00e1 Sucos Naturais\",\"description\":\"Alimenta\u00e7\u00e3o Saud\u00e1vel\",\"potentialAction\":[{\"@type\":\"SearchAction\",\"target\":{\"@type\":\"EntryPoint\",\"urlTemplate\":\"https:\\\/\\\/moriasucos.com.br\\\/?s={search_term_string}\"},\"query-input\":{\"@type\":\"PropertyValueSpecification\",\"valueRequired\":true,\"valueName\":\"search_term_string\"}}],\"inLanguage\":\"pt-BR\"}]}<\/script>\n<!-- \/ Yoast SEO plugin. -->","yoast_head_json":{"title":"Contatos - Mori\u00e1 Sucos Naturais","robots":{"index":"index","follow":"follow","max-snippet":"max-snippet:-1","max-image-preview":"max-image-preview:large","max-video-preview":"max-video-preview:-1"},"canonical":"https:\/\/moriasucos.com.br\/?page_id=2050","og_locale":"pt_BR","og_type":"article","og_title":"Contatos - Mori\u00e1 Sucos Naturais","og_url":"https:\/\/moriasucos.com.br\/?page_id=2050","og_site_name":"Mori\u00e1 Sucos Naturais","article_modified_time":"2025-01-03T14:02:25+00:00","og_image":[{"url":"https:\/\/moriasucos.com.br\/wp-content\/plugins\/elementor\/assets\/images\/placeholder.png","type":"","width":"","height":""}],"twitter_card":"summary_large_image","twitter_misc":{"Est. tempo de leitura":"1 minuto"},"schema":{"@context":"https:\/\/schema.org","@graph":[{"@type":"WebPage","@id":"https:\/\/moriasucos.com.br\/?page_id=2050","url":"https:\/\/moriasucos.com.br\/?page_id=2050","name":"Contatos - Mori\u00e1 Sucos Naturais","isPartOf":{"@id":"https:\/\/moriasucos.com.br\/#website"},"primaryImageOfPage":{"@id":"https:\/\/moriasucos.com.br\/?page_id=2050#primaryimage"},"image":{"@id":"https:\/\/moriasucos.com.br\/?page_id=2050#primaryimage"},"thumbnailUrl":"https:\/\/moriasucos.com.br\/wp-content\/plugins\/elementor\/assets\/images\/placeholder.png","datePublished":"2025-01-03T13:58:41+00:00","dateModified":"2025-01-03T14:02:25+00:00","breadcrumb":{"@id":"https:\/\/moriasucos.com.br\/?page_id=2050#breadcrumb"},"inLanguage":"pt-BR","potentialAction":[{"@type":"ReadAction","target":["https:\/\/moriasucos.com.br\/?page_id=2050"]}]},{"@type":"ImageObject","inLanguage":"pt-BR","@id":"https:\/\/moriasucos.com.br\/?page_id=2050#primaryimage","url":"https:\/\/moriasucos.com.br\/wp-content\/plugins\/elementor\/assets\/images\/placeholder.png","contentUrl":"https:\/\/moriasucos.com.br\/wp-content\/plugins\/elementor\/assets\/images\/placeholder.png"},{"@type":"BreadcrumbList","@id":"https:\/\/moriasucos.com.br\/?page_id=2050#breadcrumb","itemListElement":[{"@type":"ListItem","position":1,"name":"In\u00edcio","item":"https:\/\/moriasucos.com.br\/"},{"@type":"ListItem","position":2,"name":"Contatos"}]},{"@type":"WebSite","@id":"https:\/\/moriasucos.com.br\/#website","url":"https:\/\/moriasucos.com.br\/","name":"Mori\u00e1 Sucos Naturais","description":"Alimenta\u00e7\u00e3o Saud\u00e1vel","potentialAction":[{"@type":"SearchAction","target":{"@type":"EntryPoint","urlTemplate":"https:\/\/moriasucos.com.br\/?s={search_term_string}"},"query-input":{"@type":"PropertyValueSpecification","valueRequired":true,"valueName":"search_term_string"}}],"inLanguage":"pt-BR"}]}},"_links":{"self":[{"href":"https:\/\/moriasucos.com.br\/index.php?rest_route=\/wp\/v2\/pages\/2050","targetHints":{"allow":["GET"]}}],"collection":[{"href":"https:\/\/moriasucos.com.br\/index.php?rest_route=\/wp\/v2\/pages"}],"about":[{"href":"https:\/\/moriasucos.com.br\/index.php?rest_route=\/wp\/v2\/types\/page"}],"author":[{"embeddable":true,"href":"https:\/\/moriasucos.com.br\/index.php?rest_route=\/wp\/v2\/users\/1"}],"replies":[{"embeddable":true,"href":"https:\/\/moriasucos.com.br\/index.php?rest_route=%2Fwp%2Fv2%2Fcomments&post=2050"}],"version-history":[{"count":13,"href":"https:\/\/moriasucos.com.br\/index.php?rest_route=\/wp\/v2\/pages\/2050\/revisions"}],"predecessor-version":[{"id":2070,"href":"https:\/\/moriasucos.com.br\/index.php?rest_route=\/wp\/v2\/pages\/2050\/revisions\/2070"}],"wp:attachment":[{"href":"https:\/\/moriasucos.com.br\/index.php?rest_route=%2Fwp%2Fv2%2Fmedia&parent=2050"}],"curies":[{"name":"wp","href":"https:\/\/api.w.org\/{rel}","templated":true}]}}